{"id":104,"date":"2022-04-06T07:05:05","date_gmt":"2022-04-06T10:05:05","guid":{"rendered":"https:\/\/cerrajeriadelparqueposadas.com\/index.php\/contact\/"},"modified":"2024-01-23T09:47:37","modified_gmt":"2024-01-23T12:47:37","slug":"contact","status":"publish","type":"page","link":"https:\/\/cerrajeriadelparqueposadas.com\/index.php\/contact\/","title":{"rendered":"Contacto"},"content":{"rendered":"\t\t<div data-elementor-type=\"wp-page\" data-elementor-id=\"104\" class=\"elementor elementor-104\" data-elementor-post-type=\"page\">\n\t\t\t\t\t\t<section class=\"elementor-section elementor-top-section elementor-element elementor-element-d176ba0 elementor-section-boxed elementor-section-height-default elementor-section-height-default\" data-id=\"d176ba0\" data-element_type=\"section\" data-e-type=\"section\">\n\t\t\t\t\t\t<div class=\"elementor-container elementor-column-gap-no\">\n\t\t\t\t\t<div class=\"aux-parallax-section elementor-column elementor-col-100 elementor-top-column elementor-element elementor-element-da66f75\" data-id=\"da66f75\" data-element_type=\"column\" data-e-type=\"column\">\n\t\t\t<div class=\"elementor-widget-wrap elementor-element-populated\">\n\t\t\t\t\t\t<section class=\"elementor-section elementor-inner-section elementor-element elementor-element-212c74b elementor-reverse-mobile elementor-section-boxed elementor-section-height-default elementor-section-height-default\" data-id=\"212c74b\" data-element_type=\"section\" data-e-type=\"section\">\n\t\t\t\t\t\t<div class=\"elementor-container elementor-column-gap-no\">\n\t\t\t\t\t<div class=\"aux-parallax-section elementor-column elementor-col-50 elementor-inner-column elementor-element elementor-element-b316f9e\" data-id=\"b316f9e\" data-element_type=\"column\" data-e-type=\"column\">\n\t\t\t<div class=\"elementor-widget-wrap elementor-element-populated\">\n\t\t\t\t\t\t<div class=\"elementor-element elementor-element-98e3b3d aux-appear-watch-animation aux-slide-from-bot elementor-widget elementor-widget-aux_modern_heading\" data-id=\"98e3b3d\" data-element_type=\"widget\" data-e-type=\"widget\" data-widget_type=\"aux_modern_heading.default\">\n\t\t\t\t<div class=\"elementor-widget-container\">\n\t\t\t\t\t<section class=\"aux-widget-modern-heading\">\n            <div class=\"aux-widget-inner\"><h5 class=\"aux-modern-heading-primary\">Cont\u00e1ctanos<\/h5><h3 class=\"aux-modern-heading-secondary\"><span class=\"aux-head-before\">Env\u00edanos un Mensaje<\/span><\/h3><\/div>\n        <\/section>\t\t\t\t<\/div>\n\t\t\t\t<\/div>\n\t\t\t\t<div class=\"elementor-element elementor-element-efa20bf aux-appear-watch-animation aux-fade-in-down elementor-widget elementor-widget-aux_contact_form\" data-id=\"efa20bf\" data-element_type=\"widget\" data-e-type=\"widget\" data-widget_type=\"aux_contact_form.default\">\n\t\t\t\t<div class=\"elementor-widget-container\">\n\t\t\t\t\t<section class=\"widget-container aux-widget-contact-form aux-parent-au8f290c8e\">            <div class=\"aux-col-wrapper aux-no-gutter\">\n            <!-- @TODO - The output for element here -->\n\n            \n<div class=\"wpcf7 no-js\" id=\"wpcf7-f86-o1\" lang=\"en-US\" dir=\"ltr\" data-wpcf7-id=\"86\">\n<div class=\"screen-reader-response\"><p role=\"status\" aria-live=\"polite\" aria-atomic=\"true\"><\/p> <ul><\/ul><\/div>\n<form action=\"\/index.php\/wp-json\/wp\/v2\/pages\/104#wpcf7-f86-o1\" method=\"post\" class=\"wpcf7-form init\" aria-label=\"Contact form\" novalidate=\"novalidate\" data-status=\"init\">\n<fieldset class=\"hidden-fields-container\"><input type=\"hidden\" name=\"_wpcf7\" value=\"86\" \/><input type=\"hidden\" name=\"_wpcf7_version\" value=\"6.1.4\" \/><input type=\"hidden\" name=\"_wpcf7_locale\" value=\"en_US\" \/><input type=\"hidden\" name=\"_wpcf7_unit_tag\" value=\"wpcf7-f86-o1\" \/><input type=\"hidden\" name=\"_wpcf7_container_post\" value=\"0\" \/><input type=\"hidden\" name=\"_wpcf7_posted_data_hash\" value=\"\" \/>\n<\/fieldset>\n<div class=\"part1\"><span class=\"wpcf7-form-control-wrap\" data-name=\"YourName\"><input size=\"40\" maxlength=\"400\" class=\"wpcf7-form-control wpcf7-text wpcf7-validates-as-required\" aria-required=\"true\" aria-invalid=\"false\" placeholder=\"Your Name *\" value=\"\" type=\"text\" name=\"YourName\" \/><\/span>\n    <span class=\"wpcf7-form-control-wrap\" data-name=\"Phonenumber\"><input size=\"40\" maxlength=\"400\" class=\"wpcf7-form-control wpcf7-text wpcf7-validates-as-required\" aria-required=\"true\" aria-invalid=\"false\" placeholder=\"Phone number\" value=\"\" type=\"text\" name=\"Phonenumber\" \/><\/span><\/div>\n<span class=\"wpcf7-form-control-wrap\" data-name=\"YourEmail\"><input size=\"40\" maxlength=\"400\" class=\"wpcf7-form-control wpcf7-email wpcf7-validates-as-required wpcf7-text wpcf7-validates-as-email\" aria-required=\"true\" aria-invalid=\"false\" placeholder=\"Your Email *\" value=\"\" type=\"email\" name=\"YourEmail\" \/><\/span>\n<span class=\"wpcf7-form-control-wrap\" data-name=\"Question\"><textarea cols=\"40\" rows=\"10\" maxlength=\"2000\" class=\"wpcf7-form-control wpcf7-textarea wpcf7-validates-as-required\" aria-required=\"true\" aria-invalid=\"false\" placeholder=\"Question *\" name=\"Question\"><\/textarea><\/span>\n<input class=\"wpcf7-form-control wpcf7-submit has-spinner Send Message\" id=\"SendMessage\" type=\"submit\" value=\"Send Message\" \/><div class=\"wpcf7-response-output\" aria-hidden=\"true\"><\/div>\n<\/form>\n<\/div>\n\n\n            <\/div><!-- aux-col-wrapper -->\n    <\/section><!-- widget-container -->\t\t\t\t<\/div>\n\t\t\t\t<\/div>\n\t\t\t\t\t<\/div>\n\t\t<\/div>\n\t\t\t\t<div class=\"aux-parallax-section elementor-column elementor-col-50 elementor-inner-column elementor-element elementor-element-6eb229f\" data-id=\"6eb229f\" data-element_type=\"column\" data-e-type=\"column\">\n\t\t\t<div class=\"elementor-widget-wrap elementor-element-populated\">\n\t\t\t\t\t\t<div class=\"elementor-element elementor-element-e949282 elementor-widget elementor-widget-google_maps\" data-id=\"e949282\" data-element_type=\"widget\" data-e-type=\"widget\" data-widget_type=\"google_maps.default\">\n\t\t\t\t<div class=\"elementor-widget-container\">\n\t\t\t\t\t\t\t<div class=\"elementor-custom-embed\">\n\t\t\t<iframe loading=\"lazy\"\n\t\t\t\t\tsrc=\"https:\/\/maps.google.com\/maps?q=Centro%20Comercial%20%2C%20Parque%20Posadas%2C%20loc.%2029%20Montevideo%2C%20Uruguay&#038;t=m&#038;z=16&#038;output=embed&#038;iwloc=near\"\n\t\t\t\t\ttitle=\"Centro Comercial , Parque Posadas, loc. 29 Montevideo, Uruguay\"\n\t\t\t\t\taria-label=\"Centro Comercial , Parque Posadas, loc. 29 Montevideo, Uruguay\"\n\t\t\t><\/iframe>\n\t\t<\/div>\n\t\t\t\t\t\t<\/div>\n\t\t\t\t<\/div>\n\t\t\t\t\t<\/div>\n\t\t<\/div>\n\t\t\t\t\t<\/div>\n\t\t<\/section>\n\t\t\t\t\t<\/div>\n\t\t<\/div>\n\t\t\t\t\t<\/div>\n\t\t<\/section>\n\t\t\t\t<section class=\"elementor-section elementor-top-section elementor-element elementor-element-e907f27 elementor-section-boxed elementor-section-height-default elementor-section-height-default\" data-id=\"e907f27\" data-element_type=\"section\" data-e-type=\"section\">\n\t\t\t\t\t\t<div class=\"elementor-container elementor-column-gap-no\">\n\t\t\t\t\t<div class=\"aux-parallax-section elementor-column elementor-col-33 elementor-top-column elementor-element elementor-element-13cd6bf\" data-id=\"13cd6bf\" data-element_type=\"column\" data-e-type=\"column\" data-settings=\"{&quot;background_background&quot;:&quot;classic&quot;}\">\n\t\t\t<div class=\"elementor-widget-wrap elementor-element-populated\">\n\t\t\t\t\t\t<div class=\"elementor-element elementor-element-767b075 elementor-widget__width-auto aux-appear-watch-animation aux-fade-in-up elementor-widget elementor-widget-aux_text\" data-id=\"767b075\" data-element_type=\"widget\" data-e-type=\"widget\" data-widget_type=\"aux_text.default\">\n\t\t\t\t<div class=\"elementor-widget-container\">\n\t\t\t\t\t<section class=\"widget-container aux-widget-text aux-parent-aud8043704\">        <div class=\"aux-widget-advanced-text aux-wrap-style-simple aux-ico-pos-left aux-text-left aux-text-resp-center aux-text-color-dark aux-text-widget-bg-center  \" >\n        \n                            <div class=\"aux-text-widget-header \"  >\n                        <div class=\"aux-ico-box aux-ico-large aux-ico-clear \">\n                                                                <svg xmlns=\"http:\/\/www.w3.org\/2000\/svg\" width=\"38.074\" height=\"47.722\" viewBox=\"0 0 38.074 47.722\"><path d=\"M67.657.012A19.043,19.043,0,0,0,49.644,22.653h0s.029.205.127.6a19.081,19.081,0,0,0,1.282,3.777c1.908,4.52,6.321,12.084,16.223,20.313a1.654,1.654,0,0,0,2.113,0c9.9-8.219,14.315-15.782,16.233-20.322A18.273,18.273,0,0,0,86.9,23.241c.088-.382.127-.6.127-.6h0A19.048,19.048,0,0,0,67.657.012ZM68.332,28.5a9.246,9.246,0,1,1,9.246-9.246A9.245,9.245,0,0,1,68.332,28.5Z\" transform=\"translate(-49.299 0)\" fill=\"var( --e-global-color-text )\" \/><\/svg>                                                    <\/div>\n                <\/div>\n            \n            <div class=\"aux-text-inner aux-text-widget-content\">\n                                <h4 class=\"col-title\">Direcci\u00f3n<\/h4>\n                                <div class=\"widget-content\">\n                                        Centro Comercial , Parque Posadas, loc. 29\nMontevideo, Uruguay                <\/div>\n                            <\/div>\n        <\/div>\n                    <div class=\"aux-text-widget-footer\">\n                <div class=\"aux-border-shape-none \">\n                                <\/div>\n            <\/div>\n        \n<\/section><!-- widget-container -->\t\t\t\t<\/div>\n\t\t\t\t<\/div>\n\t\t\t\t\t<\/div>\n\t\t<\/div>\n\t\t\t\t<div class=\"aux-parallax-section elementor-column elementor-col-33 elementor-top-column elementor-element elementor-element-598e254\" data-id=\"598e254\" data-element_type=\"column\" data-e-type=\"column\">\n\t\t\t<div class=\"elementor-widget-wrap elementor-element-populated\">\n\t\t\t\t\t\t<div class=\"elementor-element elementor-element-3152ad8 elementor-widget__width-auto aux-appear-watch-animation aux-fade-in-up elementor-widget elementor-widget-aux_text\" data-id=\"3152ad8\" data-element_type=\"widget\" data-e-type=\"widget\" data-widget_type=\"aux_text.default\">\n\t\t\t\t<div class=\"elementor-widget-container\">\n\t\t\t\t\t<section class=\"widget-container aux-widget-text aux-parent-au62f9bb2b\">        <div class=\"aux-widget-advanced-text aux-wrap-style-simple aux-ico-pos-left aux-text-left aux-text-resp-center aux-text-color-dark aux-text-widget-bg-center  \" >\n        \n                            <div class=\"aux-text-widget-header \"  >\n                        <div class=\"aux-ico-box aux-ico-large aux-ico-clear \">\n                                                                <svg xmlns=\"http:\/\/www.w3.org\/2000\/svg\" width=\"41.956\" height=\"41.956\" viewBox=\"0 0 41.956 41.956\"><path d=\"M362.381,69.27l-10.6-10.6,1.355-1.355a4.008,4.008,0,0,1,5.669,0l4.931,4.931a4.009,4.009,0,0,1,0,5.669Zm0,0\" transform=\"translate(-322.954 -31.914)\" fill=\"var( --e-global-color-text )\" \/><path d=\"M56.137,354.311l1.355-1.355a4.008,4.008,0,0,1,5.669,0l4.931,4.931a4.013,4.013,0,0,1,0,5.669l-1.355,1.355Zm0,0\" transform=\"translate(-51.537 -351.781)\" fill=\"var( --e-global-color-text )\" \/><path d=\"M37.563,34.74C33.987,37.7,29.388,38.351,24.177,36.6c-4.463-1.5-9.4-4.808-13.9-9.309S2.466,17.85.965,13.386C-.788,8.176-.141,3.577,2.823,0L13.474,10.652c-2.289,3.568,1,7.791,3.324,10.113s6.546,5.613,10.113,3.324Zm0,0\" transform=\"translate(-0.001 4.393)\" fill=\"var( --e-global-color-text )\" \/><\/svg>                                                    <\/div>\n                <\/div>\n            \n            <div class=\"aux-text-inner aux-text-widget-content\">\n                                <h4 class=\"col-title\">Tel\u00e9fonos<\/h4>\n                                <div class=\"widget-content\">\n                                        Tel. :2336 5572<br>\nWP: 096 364 813                <\/div>\n                            <\/div>\n        <\/div>\n                    <div class=\"aux-text-widget-footer\">\n                <div class=\"aux-border-shape-none \">\n                                <\/div>\n            <\/div>\n        \n<\/section><!-- widget-container -->\t\t\t\t<\/div>\n\t\t\t\t<\/div>\n\t\t\t\t\t<\/div>\n\t\t<\/div>\n\t\t\t\t<div class=\"aux-parallax-section elementor-column elementor-col-33 elementor-top-column elementor-element elementor-element-82c34d9\" data-id=\"82c34d9\" data-element_type=\"column\" data-e-type=\"column\">\n\t\t\t<div class=\"elementor-widget-wrap elementor-element-populated\">\n\t\t\t\t\t\t<div class=\"elementor-element elementor-element-fc1d6a8 elementor-widget__width-auto aux-appear-watch-animation aux-fade-in-up elementor-widget elementor-widget-aux_text\" data-id=\"fc1d6a8\" data-element_type=\"widget\" data-e-type=\"widget\" data-widget_type=\"aux_text.default\">\n\t\t\t\t<div class=\"elementor-widget-container\">\n\t\t\t\t\t<section class=\"widget-container aux-widget-text aux-parent-au18dc0a79\">        <div class=\"aux-widget-advanced-text aux-wrap-style-simple aux-ico-pos-left aux-text-left aux-text-resp-center aux-text-color-dark aux-text-widget-bg-center aux-text-no-content \" >\n        \n                            <div class=\"aux-text-widget-header \"  >\n                        <div class=\"aux-ico-box aux-ico-large aux-ico-clear \">\n                                                                <svg xmlns=\"http:\/\/www.w3.org\/2000\/svg\" width=\"46.529\" height=\"29.556\" viewBox=\"0 0 46.529 29.556\"><path d=\"M4.466,63.93q.883.5,5.323,2.991t6.8,3.83q.26.147,1.1.64t1.4.8q.558.3,1.35.682a8.8,8.8,0,0,0,1.493.566,5,5,0,0,0,1.3.189h.052a5,5,0,0,0,1.3-.189,8.8,8.8,0,0,0,1.493-.566q.792-.378,1.35-.682t1.4-.8q.844-.494,1.1-.64,2.388-1.343,12.151-6.822a11.43,11.43,0,0,0,3.167-2.582,4.861,4.861,0,0,0,1.273-3.169A2.952,2.952,0,0,0,45.3,55.807a4.534,4.534,0,0,0-2.921-.987H4.154a4.132,4.132,0,0,0-3.077,1.091A3.728,3.728,0,0,0,0,58.64a4.423,4.423,0,0,0,1.428,2.866A12.047,12.047,0,0,0,4.466,63.93Z\" transform=\"translate(0 -54.82)\" fill=\"var( --e-global-color-text )\" \/><path d=\"M43.932,186.263q-8.516,4.66-12.93,7.242-1.48.881-2.4,1.375a16.385,16.385,0,0,1-2.454,1.007,8.994,8.994,0,0,1-2.856.514h-.053a9,9,0,0,1-2.856-.514,16.393,16.393,0,0,1-2.454-1.007q-.921-.493-2.4-1.375-3.505-2.078-12.9-7.242A13.382,13.382,0,0,1,0,184.437V201.1a2.961,2.961,0,0,0,1.22,2.372,4.519,4.519,0,0,0,2.934.987h38.22a4.519,4.519,0,0,0,2.934-.987,2.961,2.961,0,0,0,1.22-2.372V184.437A13.887,13.887,0,0,1,43.932,186.263Z\" transform=\"translate(0 -174.907)\" fill=\"var( --e-global-color-text )\" \/><\/svg>                                                    <\/div>\n                <\/div>\n            \n            <div class=\"aux-text-inner aux-text-widget-content\">\n                                <h4 class=\"col-title\">Email<\/h4>\n                            <\/div>\n        <\/div>\n                    <div class=\"aux-text-widget-footer\">\n                <div class=\"aux-border-shape-none \">\n                                <\/div>\n            <\/div>\n        \n<\/section><!-- widget-container -->\t\t\t\t<\/div>\n\t\t\t\t<\/div>\n\t\t\t\t\t<\/div>\n\t\t<\/div>\n\t\t\t\t\t<\/div>\n\t\t<\/section>\n\t\t\t\t<\/div>\n\t\t","protected":false},"excerpt":{"rendered":"<p>Cont\u00e1ctanos Env\u00edanos un Mensaje Direcci\u00f3n Centro Comercial , Parque Posadas, loc. 29 Montevideo, Uruguay Tel\u00e9fonos Tel. :2336 5572 WP: 096 364 813 Email<\/p>\n","protected":false},"author":1,"featured_media":0,"parent":0,"menu_order":0,"comment_status":"closed","ping_status":"closed","template":"templates\/page-builder-content.php","meta":{"footnotes":""},"class_list":["post-104","page","type-page","status-publish","hentry"],"_links":{"self":[{"href":"https:\/\/cerrajeriadelparqueposadas.com\/index.php\/wp-json\/wp\/v2\/pages\/104","targetHints":{"allow":["GET"]}}],"collection":[{"href":"https:\/\/cerrajeriadelparqueposadas.com\/index.php\/wp-json\/wp\/v2\/pages"}],"about":[{"href":"https:\/\/cerrajeriadelparqueposadas.com\/index.php\/wp-json\/wp\/v2\/types\/page"}],"author":[{"embeddable":true,"href":"https:\/\/cerrajeriadelparqueposadas.com\/index.php\/wp-json\/wp\/v2\/users\/1"}],"replies":[{"embeddable":true,"href":"https:\/\/cerrajeriadelparqueposadas.com\/index.php\/wp-json\/wp\/v2\/comments?post=104"}],"version-history":[{"count":9,"href":"https:\/\/cerrajeriadelparqueposadas.com\/index.php\/wp-json\/wp\/v2\/pages\/104\/revisions"}],"predecessor-version":[{"id":188,"href":"https:\/\/cerrajeriadelparqueposadas.com\/index.php\/wp-json\/wp\/v2\/pages\/104\/revisions\/188"}],"wp:attachment":[{"href":"https:\/\/cerrajeriadelparqueposadas.com\/index.php\/wp-json\/wp\/v2\/media?parent=104"}],"curies":[{"name":"wp","href":"https:\/\/api.w.org\/{rel}","templated":true}]}}